{"id":630,"date":"2017-02-18T23:14:01","date_gmt":"2017-02-18T22:14:01","guid":{"rendered":"https:\/\/vomigod.com\/?page_id=630"},"modified":"2017-04-13T11:34:15","modified_gmt":"2017-04-13T09:34:15","slug":"r-madmaggot","status":"publish","type":"page","link":"https:\/\/vomigod.com\/?page_id=630","title":{"rendered":"Recenzja &#8222;Landsberg vs. Gr\u00fcnberg&#8221; @ MAD MAGGOT WEBZINE"},"content":{"rendered":"<p>Bunder Nekromunda \/ Vomigod &#8211; &#8222;Landsberg vs. Gr\u00fcnberg&#8221;<\/p>\n<p>Tak sobie s\u0142ucham tego splitu ju\u017c kt\u00f3ry\u015b raz z rz\u0119du i mam wra\u017cenie, \u017ce jest to materia\u0142 totalnie niesp\u00f3jny. Wiem, \u017ce to podziemie, \u017ce Ancient robi zajebist\u0105 robot\u0119 dla rodzimych kapel, ale co\u015b mimo wszystko jest nie tak. Dlaczego? O tym poni\u017cej.<\/p>\n<p>Zaczynamy od Bunder Nekromunda, dzi\u0119ki kt\u00f3rej to kapeli mam do &#8222;Landsberg vs Gr\u00fcnberg&#8221; pewne zastrze\u017cenia. Jasne, nie chodzi a\u017c tak bardzo o materia\u0142, bo ten jest w miar\u0119 solidny, ale o brzmienie, kt\u00f3re kwintet uzyska\u0142 w &#8211; nomen omen &#8211; Filth\/Noise\/Shit Studio. Taaak, szyld miejsca, w kt\u00f3rym Bunder Nekromunda nagrywa\u0142 sw\u00f3j materia\u0142, jak nic oddaje jako\u015b\u0107 brzmienia pierwszej po\u0142owy splitu. W rzeczy samej &#8211; brud, ha\u0142as i g\u00f3wno \u015bciele si\u0119 tu g\u0119sto, co wcale nie dodaje estymy kapeli. Wr\u0119cz przeciwnie, bo z ciekawszych rzeczy wy\u0142owi\u0142em &#8222;Like Gaping Wound&#8221;, kt\u00f3re zrobi\u0142o na mnie najlepsze wra\u017cenie. No tak, potem 5 weso\u0142k\u00f3w zaprezentowa\u0142o materia\u0142 koncertowy o rok starszy od zgranego w 2003 stuffu &#8222;studyjnego&#8221;. W secie, kt\u00f3ry znalaz\u0142 si\u0119 na Grind Manifesto 2004, ci\u0119\u017cko jest wy\u0142owi\u0107 ciekawsze momenty, bo wszystko tu buczy, huczy i pierdzi, a te 4 kawa\u0142ki wcale nie przekazuj\u0105 op\u0119tanej energii, kt\u00f3ra na \u017cywo powinna si\u0119 pojawi\u0107. No dobra, &#8222;Untill Death&#8230;&#8221; ma kilka fajnych moment\u00f3w, ale za to coveru Malignant Tumour w\u0142a\u015bciwie si\u0119 nie zauwa\u017ca. To naprawd\u0119 za ma\u0142o, \u017ceby m\u00f3wi\u0107 o objawieniu!<\/p>\n<p>Z drugiej flanki atakuje za\u015b zielonog\u00f3rski Vomigod. I o ile z Bunder Nekromunda mia\u0142em przyjemno\u015b\u0107 zetkn\u0105\u0107 si\u0119 wcze\u015bniej na \u017cywca, to poza jakimi\u015b lu\u017anymi kawa\u0142kami &#8222;rzygacze&#8221; byli do tej pory dla mnie zagadk\u0105. Zagadk\u0105, kt\u00f3ra &#8211; nawiasem m\u00f3wi\u0105c &#8211; zamiata swoich koleg\u00f3w ze splitu. Ch\u0142opaki z Gr\u00fcnberg morduj\u0105 bowiem straszliwym, mi\u0119sistym death\/grindem, na kt\u00f3rym nareszcie wszystko s\u0142ycha\u0107, co przy dudnieniu Bunder\u00f3w jest niemal, jak mi\u00f3d na moje uszy. Znakomicie pracuje tu bas, a gitary zar\u00f3wno w partiach chaotycznych, jak i ameryka\u0144skim groove&#8217;ie mile ch\u0142oszcz\u0105 dupsko chrz\u0119szcz\u0105cym brzmieniem. Tak, Vomigod ma zdecydowanie wszystko to, czego jeszcze brakuje Bunder Nekromunda. A przede wszystkim ma brzmienie i jajcarsk\u0105 otoczk\u0119 tekstow\u0105, kt\u00f3r\u0105 jako\u015b tak nie\u015bmiale nawi\u0105zuj\u0105 do pami\u0119tnego Necrophila. C\u00f3\u017c, pogaw\u0119dki ze stolcem w ko\u0144cu zobowi\u0105zuj\u0105, he, he, he.<\/p>\n<p>Powiem szczerze, \u017ce w split &#8222;Landsberg vs Gr\u00fcnberg&#8221; warto zaopatrzy\u0107 si\u0119 w\u0142a\u015bnie ze wzgl\u0119du na 8 numer\u00f3w Vomigod, kt\u00f3re pora\u017caj\u0105 swoj\u0105 moc\u0105. Jako sympatyczny bonus, dostajemy \u0142adnie zrobion\u0105 flashow\u0105 prezentacj\u0105 splitu, dzi\u0119ki kt\u00f3rej mo\u017cemy obejrze\u0107 jak wypadaj\u0105 obie kapele na \u017cywca. Fajny pomys\u0142, cho\u0107 jako\u015b\u0107 jest naturalnie &#8211; pozostaj\u0105c w temacie stolca &#8211; g\u00f3wniana. Aha, spieszcie z nabyciem tego materia\u0142u, bo jest on limitowany &#8211; tradycyjnie &#8211; tylko do 120 kopii.<\/p>\n<p>Ocena:<br \/>\nBxNx &#8211; 3,<br \/>\nVomigod &#8211; 4,5<\/p>\n<p>\u0141ukasz Dubaniowski<\/p>\n","protected":false},"excerpt":{"rendered":"<p>Bunder Nekromunda \/ Vomigod &#8211; &#8222;Landsberg vs. Gr\u00fcnberg&#8221; Tak sobie s\u0142ucham tego splitu ju\u017c kt\u00f3ry\u015b&#8230;<\/p>\n<div class=\"more-link-wrapper\"><a class=\"more-link\" href=\"https:\/\/vomigod.com\/?page_id=630\">Grzeb w g\u00f3wnie<span class=\"screen-reader-text\">Recenzja &#8222;Landsberg vs. Gr\u00fcnberg&#8221; @ MAD MAGGOT WEBZINE<\/span><\/a><\/div>\n","protected":false},"author":1,"featured_media":0,"parent":0,"menu_order":0,"comment_status":"closed","ping_status":"closed","template":"","meta":{"footnotes":""},"class_list":["post-630","page","type-page","status-publish","hentry","excerpt","zoom","full-without-featured","even","excerpt-0"],"_links":{"self":[{"href":"https:\/\/vomigod.com\/index.php?rest_route=\/wp\/v2\/pages\/630","targetHints":{"allow":["GET"]}}],"collection":[{"href":"https:\/\/vomigod.com\/index.php?rest_route=\/wp\/v2\/pages"}],"about":[{"href":"https:\/\/vomigod.com\/index.php?rest_route=\/wp\/v2\/types\/page"}],"author":[{"embeddable":true,"href":"https:\/\/vomigod.com\/index.php?rest_route=\/wp\/v2\/users\/1"}],"replies":[{"embeddable":true,"href":"https:\/\/vomigod.com\/index.php?rest_route=%2Fwp%2Fv2%2Fcomments&post=630"}],"version-history":[{"count":3,"href":"https:\/\/vomigod.com\/index.php?rest_route=\/wp\/v2\/pages\/630\/revisions"}],"predecessor-version":[{"id":677,"href":"https:\/\/vomigod.com\/index.php?rest_route=\/wp\/v2\/pages\/630\/revisions\/677"}],"wp:attachment":[{"href":"https:\/\/vomigod.com\/index.php?rest_route=%2Fwp%2Fv2%2Fmedia&parent=630"}],"curies":[{"name":"wp","href":"https:\/\/api.w.org\/{rel}","templated":true}]}}