{"id":612,"date":"2017-02-18T23:09:25","date_gmt":"2017-02-18T22:09:25","guid":{"rendered":"https:\/\/vomigod.com\/?page_id=612"},"modified":"2017-04-13T11:52:00","modified_gmt":"2017-04-13T09:52:00","slug":"r-necrocorpse","status":"publish","type":"page","link":"https:\/\/vomigod.com\/?page_id=612","title":{"rendered":"Recenzja &#8222;Promo 2004&#8221; @ NECRO CORPSE ZINE"},"content":{"rendered":"<p>VOMIGOD &#8222;Promo 2004&#8221;<\/p>\n<p>Ja zdaj\u0119 sobie z tego spraw\u0119, \u017ce ten materia\u0142 ju\u017c zar\u00f3s\u0142 rakotw\u00f3rczym grzybem, ale set jaki ch\u0142opaki sprezentowali na Siekierzynie tak mn\u0105 wstrz\u0105sn\u0105\u0142, \u017ce nie mog\u0119 si\u0119 wr\u0119cz powstrzyma\u0107 od przedstawienia swojej opinii na temat weso\u0142ej a zarazem pysznej tw\u00f3rczo\u015bci tej czw\u00f3rki rodem z Zielonej G\u00f3ry. Promos ten zaopatrzony zosta\u0142 przez zesp\u00f3\u0142 w trzy kawa\u0142eczki nasi\u0105kni\u0119te death\/grindo&#8217;owym napierdala\u0144skiem, kt\u00f3re tak szybko jak si\u0119 zaczyna i wkr\u0119ca s\u0142uchacza w nastr\u00f3j &#8222;melancholii&#8221; tak szybko si\u0119 ko\u0144czy. I tu w\u0142a\u015bnie jest jeden jedyny zonk, bo jak wiadomo apetyt ro\u015bnie w miar\u0119 jedzenia&#8230; eee&#8230;. rzygania chcia\u0142oby si\u0119 napisa\u0107 \ud83d\ude42 Jednak nie bacz\u0105c na czas trwania mo\u017cna wypowiada\u0107 si\u0119 o muzyce Vomigod w samych superlatywach. Nie do\u015b\u0107, \u017ce ch\u0142opaki miotaj\u0105 wszystko co stanie im na drodze, to jeszcze robi\u0105 to z jajem i g\u0142ow\u0105. Dlaczego? A no dlatego, bo nios\u0105 za sob\u0105 &#8222;mi\u0142osne&#8221; przes\u0142anie w postaci klinicznego dramatu dla gospody\u0144 domowych (&#8222;Respirator&#8221;), powie\u015bci fantastyczno-naukowej z pod znaku Tolkiena (&#8222;OralTroll&#8221;) i krymina\u0142u erotycznego (&#8222;Kolekcjoner Wagin&#8221;). Za\u015b je\u015bli chodzi o warto\u015b\u0107 muzyczn\u0105 to jest tutaj wszystko, czego trzeba: mi\u0119siste brzmienie gitary (Kryha), mia\u017cd\u017c\u0105ce partie basu (Radek) (buahahahahahaha &#8211; Pyrosh), gary atakuj\u0105ce bla\u015bkimi (Pavulon) i co najwa\u017cniejsze chorymi i &#8222;\u015bwi\u0144skim&#8221; rykiami, kt\u00f3re wydobywaj\u0105 si\u0119 z gardziela Pyrosh&#8217;a (te\u017c kurwa nie\u017ale&#8230; &#8211; Pyrosh). Czego\u017c wi\u0119cej chcie\u0107? Co do produkcji, to stoi ona na wysokim poziomie: ka\u017cdy instrument jest dok\u0142adnie wywarzony i ustawiony na swoim miejscu. Og\u00f3\u0142em &#8211; \u0142ezka ze szcz\u0119\u015bcia a\u017c kr\u0119ci si\u0119 w oku, gdy s\u0142yszy si\u0119 takie wydawnictwa, dlatego tym bardziej polecam Vomigod ka\u017cdemu kto lubi poezj\u0119 i death&#8217;owo\/grind&#8217;owe klimaty. Natomiast ja \u017cycz\u0119 zespo\u0142owi hektolitr\u00f3w w\u00f3dy i zielska, by te uruchomi\u0142y ich poetyck\u0105 tw\u00f3rczo\u015b\u0107 na nast\u0119pny materia\u0142 \ud83d\ude42<\/p>\n<p>Ocena: 9-\/10 by \u0141ysy (NECRO CORPSE ZINE)<\/p>\n","protected":false},"excerpt":{"rendered":"<p>VOMIGOD &#8222;Promo 2004&#8221; Ja zdaj\u0119 sobie z tego spraw\u0119, \u017ce ten materia\u0142 ju\u017c zar\u00f3s\u0142 rakotw\u00f3rczym&#8230;<\/p>\n<div class=\"more-link-wrapper\"><a class=\"more-link\" href=\"https:\/\/vomigod.com\/?page_id=612\">Grzeb w g\u00f3wnie<span class=\"screen-reader-text\">Recenzja &#8222;Promo 2004&#8221; @ NECRO CORPSE ZINE<\/span><\/a><\/div>\n","protected":false},"author":1,"featured_media":0,"parent":0,"menu_order":0,"comment_status":"closed","ping_status":"closed","template":"","meta":{"footnotes":""},"class_list":["post-612","page","type-page","status-publish","hentry","excerpt","zoom","full-without-featured","even","excerpt-0"],"_links":{"self":[{"href":"https:\/\/vomigod.com\/index.php?rest_route=\/wp\/v2\/pages\/612","targetHints":{"allow":["GET"]}}],"collection":[{"href":"https:\/\/vomigod.com\/index.php?rest_route=\/wp\/v2\/pages"}],"about":[{"href":"https:\/\/vomigod.com\/index.php?rest_route=\/wp\/v2\/types\/page"}],"author":[{"embeddable":true,"href":"https:\/\/vomigod.com\/index.php?rest_route=\/wp\/v2\/users\/1"}],"replies":[{"embeddable":true,"href":"https:\/\/vomigod.com\/index.php?rest_route=%2Fwp%2Fv2%2Fcomments&post=612"}],"version-history":[{"count":3,"href":"https:\/\/vomigod.com\/index.php?rest_route=\/wp\/v2\/pages\/612\/revisions"}],"predecessor-version":[{"id":702,"href":"https:\/\/vomigod.com\/index.php?rest_route=\/wp\/v2\/pages\/612\/revisions\/702"}],"wp:attachment":[{"href":"https:\/\/vomigod.com\/index.php?rest_route=%2Fwp%2Fv2%2Fmedia&parent=612"}],"curies":[{"name":"wp","href":"https:\/\/api.w.org\/{rel}","templated":true}]}}