{"id":600,"date":"2017-02-18T23:05:59","date_gmt":"2017-02-18T22:05:59","guid":{"rendered":"https:\/\/vomigod.com\/?page_id=600"},"modified":"2017-04-13T11:50:50","modified_gmt":"2017-04-13T09:50:50","slug":"r-neostream","status":"publish","type":"page","link":"https:\/\/vomigod.com\/?page_id=600","title":{"rendered":"Recenzja &#8222;Promo 2004&#8221; @ NEOSTREAM WEBZINE"},"content":{"rendered":"<p>Vomigod &#8211; &#8222;Promo 2004&#8221;<\/p>\n<p>S\u0105 takie zespo\u0142y, kt\u00f3rych muzyka jest niepowtarzalna, oryginalna. Takie zespo\u0142y s\u0105 unikatowe, jedyne w swoim rodzaju. I takich zespo\u0142\u00f3w s\u0142ucha si\u0119 albo zajebi\u015bcie, albo te\u017c lepiej jest gdy ich nie s\u0142ycha\u0107. S\u0105 tak\u017ce takie zespo\u0142y, kt\u00f3re nie s\u0105 rozpoznawalne, ich muzyka nie wnosi nic nowego. I takie zespo\u0142y czasem graj\u0105 najzwyklejsz\u0105 chujni\u0119, ale s\u0105 i takie, kt\u00f3re mimo powielania schemat\u00f3w, graj\u0105 swoje w zajebisty dla ucha spos\u00f3b. I w\u0142a\u015bnie do takowych zaliczy\u0142bym zesp\u00f3\u0142 Vomigod. Ale po kolei&#8230;<\/p>\n<p>Zesp\u00f3\u0142 zosta\u0142 za\u0142o\u017cony w Zielonej G\u00f3rze w sierpniu 2000 roku przez Radka (voc.), Pabla (perk.), Grzesia (git.) oraz Pyrosh&#8217;a (bas.). Pod koniec tego roku do zespo\u0142u trafi\u0142 drugi gitarzysta &#8211; Kryha. W kwietniu 2001 roku zesp\u00f3\u0142 opuszcza Grze\u015b, kt\u00f3ry wola\u0142 skupi\u0107 si\u0119 na swoim projekcie Totenhaus. I tym sposobem mamy wykrystalizowany sk\u0142ad Vomigod. Zesp\u00f3\u0142 ma za sob\u0105 wydanych kilka wydawnictw, cho\u0107by demo z 2003roku, czy te\u017c nagrania z koncert\u00f3w. W 2004 roku wydane zosta\u0142o Promo 2004 (a jak\u017ce ;-)).<\/p>\n<p>Ch\u0142opaki graj\u0105 do\u015b\u0107 standardowy gore\/grind. Do\u015b\u0107 proste kompozycje, bez \u017cadnych fajerwerk\u00f3w technicznych, czy te\u017c przesadnie rozbudowanych kompozycji. Ale i takie granie ma sw\u00f3j urok (chocia\u017cby taka Necrophagia ;-)). A wierzcie mi i\u017c muzyki Vomigod s\u0142ucha si\u0119 jak najbardziej przyjemnie. Troszk\u0119 zaskoczony by\u0142em tym, \u017ce nie jest to \u015bciana d\u017awi\u0119ku, jak to cz\u0119sto bywa przy tego typu zespo\u0142ach. Utwory mimo swej prostoty s\u0105 do\u015b\u0107 zr\u00f3\u017cnicowane. Dwa pierwsze s\u0105 osadzone w \u015brednio-szybkich tempach, a trzeci to kurewsko ci\u0119\u017cki walec. I za ten w\u0142a\u015bnie utw\u00f3r zespo\u0142owi nale\u017c\u0105 si\u0119 pok\u0142ony! Wyobra\u017acie sobie, \u017ce przeje\u017cd\u017ca po was kilkuset tonowy walec z osza\u0142amiaj\u0105c\u0105 pr\u0119dko\u015bci\u0105 milimetr na sekund\u0119. Bardzo powoli, ka\u017cda cz\u0119\u015b\u0107 naszego cia\u0142a jest mia\u017cd\u017cona, a my czujemy z ca\u0142\u0105 intensywno\u015bci\u0105 b\u00f3l temu towarzysz\u0105cy&#8230; Naprawd\u0119 \u015bwietny kawa\u0142ek! Nie jest tak, \u017ce dwa poprzednie utwory s\u0105 s\u0142abe, jednak\u017ce ten ostatni akurat najbardziej przypad\u0142 mi do gustu.<\/p>\n<p>S\u0142owa uznania nale\u017c\u0105 si\u0119 r\u00f3wnie\u017c brzmieniu tej p\u0142ytki. S\u0142uchaj\u0105c tego materia\u0142u nie mamy wra\u017cenia, \u017ce zosta\u0142 nagrany w gara\u017cu. Przeciwnie! P\u0142yta bardzo dobrze wyprodukowana, wszystkie instrumenty s\u0142ycha\u0107 klarownie, a i troszk\u0119 brudu jak zwykle musia\u0142o si\u0119 znale\u017a\u0107 \ud83d\ude09 Mam jedynie obawy, \u017ce zesp\u00f3\u0142 mo\u017ce zgin\u0105\u0107 gdzie\u015b w morzu jemu podobnych, ale w ko\u0144cu zawsze mo\u017cna sprawdzi\u0107 na ok\u0142adce p\u0142yty co aktualnie leci nam z odtwarzacza \ud83d\ude09<\/p>\n<p>Kosteq (NEOSTREAM ZINE)<\/p>\n","protected":false},"excerpt":{"rendered":"<p>Vomigod &#8211; &#8222;Promo 2004&#8221; S\u0105 takie zespo\u0142y, kt\u00f3rych muzyka jest niepowtarzalna, oryginalna. Takie zespo\u0142y s\u0105&#8230;<\/p>\n<div class=\"more-link-wrapper\"><a class=\"more-link\" href=\"https:\/\/vomigod.com\/?page_id=600\">Grzeb w g\u00f3wnie<span class=\"screen-reader-text\">Recenzja &#8222;Promo 2004&#8221; @ NEOSTREAM WEBZINE<\/span><\/a><\/div>\n","protected":false},"author":1,"featured_media":0,"parent":0,"menu_order":0,"comment_status":"closed","ping_status":"closed","template":"","meta":{"footnotes":""},"class_list":["post-600","page","type-page","status-publish","hentry","excerpt","zoom","full-without-featured","even","excerpt-0"],"_links":{"self":[{"href":"https:\/\/vomigod.com\/index.php?rest_route=\/wp\/v2\/pages\/600","targetHints":{"allow":["GET"]}}],"collection":[{"href":"https:\/\/vomigod.com\/index.php?rest_route=\/wp\/v2\/pages"}],"about":[{"href":"https:\/\/vomigod.com\/index.php?rest_route=\/wp\/v2\/types\/page"}],"author":[{"embeddable":true,"href":"https:\/\/vomigod.com\/index.php?rest_route=\/wp\/v2\/users\/1"}],"replies":[{"embeddable":true,"href":"https:\/\/vomigod.com\/index.php?rest_route=%2Fwp%2Fv2%2Fcomments&post=600"}],"version-history":[{"count":2,"href":"https:\/\/vomigod.com\/index.php?rest_route=\/wp\/v2\/pages\/600\/revisions"}],"predecessor-version":[{"id":698,"href":"https:\/\/vomigod.com\/index.php?rest_route=\/wp\/v2\/pages\/600\/revisions\/698"}],"wp:attachment":[{"href":"https:\/\/vomigod.com\/index.php?rest_route=%2Fwp%2Fv2%2Fmedia&parent=600"}],"curies":[{"name":"wp","href":"https:\/\/api.w.org\/{rel}","templated":true}]}}